git of 31608?
6
What is the tens digit of 764?
6
What is the hundreds digit of 161?
1
What is the hundreds digit of 1077?
0
What is the tens digit of 58141?
4
What is the units digit of 6749?
9
What is the hundreds digit of 21875?
8
What is the tens digit of 67654?
5
What is the units digit of 14827?
7
What is the thousands digit of 1230?
1
What is the thousands digit of 2225?
2
What is the units digit of 734?
4
What is the thousands digit of 12198?
2
What is the ten thousands digit of 56959?
5
What is the ten thousands digit of 32884?
3
What is the units digit of 3572?
2
What is the thousands digit of 136624?
6
What is the ten thousands digit of 31205?
3
What is the units digit of 6841?
1
What is the units digit of 414?
4
What is the units digit of 9236?
6
What is the hundreds digit of 908?
9
What is the tens digit of 1910?
1
What is the thousands digit of 2439?
2
What is the units digit of 1029?
9
What is the hundreds digit of 1127?
1
What is the hundreds digit of 27114?
1
What is the tens digit of 2627?
2
What is the tens digit of 5635?
3
What is the units digit of 2229?
9
What is the hundreds digit of 16357?
3
What is the thousands digit of 11213?
1
What is the units digit of 1259?
9
What is the units digit of 495?
5
What is the thousands digit of 23312?
3
What is the hundred thousands digit of 120646?
1
What is the thousands digit of 2101?
2
What is the hundreds digit of 65229?
2
What is the tens digit of 8493?
9
What is the units digit of 7259?
9
What is the hundreds digit of 315?
3
What is the units digit of 4647?
7
What is the hundreds digit of 2728?
7
What is the tens digit of 33?
3
What is the hundreds digit of 4031?
0
What is the hundreds digit of 388?
3
What is the hundreds digit of 846?
8
What is the tens digit of 994?
9
What is the hundreds digit of 842?
8
What is the tens digit of 19908?
0
What is the hundreds digit of 26733?
7
What is the thousands digit of 1933?
1
What is the ten thousands digit of 35621?
3
What is the ten thousands digit of 20571?
2
What is the tens digit of 3754?
5
What is the units digit of 26?
6
What is the units digit of 3996?
6
What is the tens digit of 266?
6
What is the hundreds digit of 32195?
1
What is the tens digit of 6545?
4
What is the hundreds digit of 519?
5
What is the thousands digit of 3797?
3
What is the tens digit of 184967?
6
What is the hundreds digit of 33954?
9
What is the tens digit of 661?
6
What is the tens digit of 2046?
4
What is the thousands digit of 2608?
2
What is the units digit of 19139?
9
What is the thousands digit of 3280?
3
What is the thousands digit of 24332?
4
What is the units digit of 22711?
1
What is the units digit of 4738?
8
What is the tens digit of 69110?
1
What is the units digit of 106972?
2
What is the tens digit of 7387?
8
What is the units digit of 14491?
1
What is the hundreds digit of 1543?
5
What is the thousands digit of 2523?
2
What is the units digit of 186?
6
What is the units digit of 11143?
3
What is the thousands digit of 36937?
6
What is the tens digit of 4804?
0
What is the units digit of 1538?
8
What is the tens digit of 1353?
5
What is the ten thousands digit of 36429?
3
What is the tens digit of 5692?
9
What is the tens digit of 35?
3
What is the thousands digit of 8905?
8
What is the tens digit of 453?
5
What is the hundreds digit of 1367?
3
What is the units digit of 884?
4
What is the ten thousands digit of 11574?
1
What is the units digit of 87?
7
What is the tens digit of 2346?
4
What is the hundreds digit of 26058?
0
What is the thousands digit of 72533?
2
What is the tens digit of 7397?
9
What is the hundreds digit of 4754?
7
What is the thousands digit of 5580?
5
What is the thousands digit of 23859?
3
What is the ten thousands digit of 20092?
2
What is the tens digit of 11532?
3
What is the tens digit of 9588?
8
What is the units digit of 72530?
0
What is the hundreds digit of 3261?
2
What is the thousands digit of 2501?
2
What is the units digit of 28889?
9
What is the hundreds digit of 45183?
1
What is the tens digit of 135?
3
What is the tens digit of 550?
5
What is the thousands digit of 1493?
1
What is the units digit of 2349?
9
What is the tens digit of 280?
8
What is the tens digit of 2197?
9
What is the units digit of 3155?
5
What is the ten thousands digit of 17551?
1
What is the units digit of 7458?
8
What is the thousands digit of 1357?
1
What is the units digit of 11963?
3
What is the units digit of 4459?
9
What is the hundreds digit of 722?
7
What is the hundreds digit of 73411?
4
What is the units digit of 6165?
5
What is the units digit of 915?
5
What is the hundreds digit of 1080?
0
What is the thousands digit of 33290?
3
What is the thousands digit of 9940?
9
What is the hundred thousands digit of 100308?
1
What is the hundreds digit of 990?
9
What is the hundreds digit of 5452?
4
What is the units digit of 251?
1
What is the hundreds digit of 15266?
2
What is the thousands digit of 1619?
1
What is the thousands digit of 4733?
4
What is the thousands digit of 30040?
0
What is the thousands digit of 22634?
2
What is the ten thousands digit of 24037?
2
What is the tens digit of 2590?
9
What is the tens digit of 52516?
1
What is the thousands digit of 2541?
2
What is the thousands digit of 185111?
5
What is the ten thousands digit of 20344?
2
What is the thousands digit of 1745?
1
What is the units digit of 3217?
7
What is the units digit of 6845?
5
What is the ten thousands digit of 28032?
2
What is the thousands digit of 102446?
2
What is the tens digit of 1124?
2
What is the thousands digit of 1184?
1
What is the hundreds digit of 1282?
2
What is the ten thousands digit of 14884?
1
What is the tens digit of 700?
0
What is the hundreds digit of 4248?
2
What is the thousands digit of 9940?
9
What is the tens digit of 11145?
4
What is the thousands digit of 26785?
6
What is the ten thousands digit of 13331?
1
What is the units digit of 38040?
0
What is the hundreds digit of 2380?
3
What is the units digit of 78368?
8
What is the tens digit of 708?
0
What is the hundreds digit of 1203?
2
What is the hundreds digit of 79433?
4
What is the units digit of 919?
9
What is the units digit of 197?
7
What is the tens digit of 28401?
0
What is the tens digit of 8362?
6
What is the units digit of 7063?
3
What is the thousands digit of 1574?
1
What is the hundreds digit of 2575?
5
What is the tens digit of 921?
2
What is the ten thousands digit of 119330?
1
What is the ten thousands digit of 15028?
1
What is the tens digit of 752?
5
What is the units digit of 8203?
3
What is the thousands digit of 16399?
6
What is the units digit of 6589?
9
What is the tens digit of 38?
3
What is the hundreds digit of 441?
4
What is the units digit of 25274?
4
What is the thousands digit of 1441?
1
What is the thousands digit of 17545?
7
What is the units digit of 1043?
3
What is the hundreds digit of 3235?
2
What is the units digit of 3780?
0
What is the thousands digit of 5573?
5
What is the thousands digit of 2810?
2
What is the thousands digit of 1556?
1
What is the thousands digit of 1063?
1
What is the hundred thousands digit of 100700?
1
What is the units digit of 7126?
6
What is the tens digit of 1178?
7
What is the thousands digit of 59192?
9
What is the units digit of 247?
7
What is the units digit of 1179?
9
What is the ten thousands digit of 58515?
5
What is the hundreds digit of 125?
1
What is the thousands digit of 9753?
9
What is the tens digit of 939?
3
What is the units digit of 4499?
9
What is the units digit of 35806?
6
What is the tens digit of 2577?
7
What is the hundreds digit of 21078?
0
What is the tens digit of 1778?
7
What is the units digit of 114628?
8
What is the hundreds digit of 59796?
7
What is the units digit of 122977?
7
What is the units digit of 383?
3
What is the thousands digit of 7026?
7
What is the hundred thousands digit of 138386?
1
What is the hundreds digit of 44493?
4
What is the thousands digit of 18703?
8
What is the tens digit of 1078?
7
What is the ten thousands digit of 145386?
4
What is the hundreds digit of 769?
7
What is the units digit of 364?
4
What is the tens digit of 17261?
6
What is the hundreds digit of 1087?
0
What is the tens digit of 4971?
7
What is the tens digit of 17250?
5
What